CRAN Package Check Results for Package PBIR

Last updated on 2024-12-19 23:50:41 CET.

Flavor Version Tinstall Tcheck Ttotal Status Flags
r-devel-linux-x86_64-debian-clang 0.1-0 5.61 63.88 69.49 OK
r-devel-linux-x86_64-debian-gcc 0.1-0 4.80 47.28 52.08 OK
r-devel-linux-x86_64-fedora-clang 0.1-0 110.87 OK
r-devel-linux-x86_64-fedora-gcc 0.1-0 126.67 OK
r-devel-windows-x86_64 0.1-0 8.00 94.00 102.00 OK
r-patched-linux-x86_64 0.1-0 6.53 59.77 66.30 NOTE
r-release-linux-x86_64 0.1-0 5.27 59.36 64.63 NOTE
r-release-macos-arm64 0.1-0 42.00 NOTE
r-release-macos-x86_64 0.1-0 74.00 NOTE
r-release-windows-x86_64 0.1-0 8.00 91.00 99.00 NOTE
r-oldrel-macos-arm64 0.1-0 46.00 NOTE
r-oldrel-macos-x86_64 0.1-0 62.00 NOTE
r-oldrel-windows-x86_64 0.1-0 9.00 105.00 114.00 NOTE

Check Details

Version: 0.1-0
Check: LazyData
Result: NOTE 'LazyData' is specified without a 'data' directory Flavors: r-patched-linux-x86_64, r-release-linux-x86_64, r-release-macos-arm64, r-release-macos-x86_64, r-release-windows-x86_64, r-oldrel-macos-arm64, r-oldrel-macos-x86_64, r-oldrel-windows-x86_64