Last updated on 2024-12-19 23:50:41 CET.
Flavor | Version | Tinstall | Tcheck | Ttotal | Status | Flags |
---|---|---|---|---|---|---|
r-devel-linux-x86_64-debian-clang | 1.4.0 | 58.60 | 491.12 | 549.72 | OK | |
r-devel-linux-x86_64-debian-gcc | 1.4.0 | 40.58 | 362.53 | 403.11 | OK | |
r-devel-linux-x86_64-fedora-clang | 1.4.0 | 967.12 | NOTE | |||
r-devel-linux-x86_64-fedora-gcc | 1.4.0 | 1202.78 | NOTE | |||
r-devel-windows-x86_64 | 1.4.0 | 61.00 | 563.00 | 624.00 | OK | |
r-patched-linux-x86_64 | 1.4.0 | 61.55 | 516.24 | 577.79 | OK | |
r-release-linux-x86_64 | 1.4.0 | 58.66 | 504.82 | 563.48 | OK | |
r-release-macos-arm64 | 1.4.0 | 237.00 | OK | |||
r-release-macos-x86_64 | 1.4.0 | 729.00 | OK | |||
r-release-windows-x86_64 | 1.4.0 | 64.00 | 576.00 | 640.00 | OK | |
r-oldrel-macos-arm64 | 1.4.0 | 212.00 | OK | |||
r-oldrel-macos-x86_64 | 1.4.0 | 444.00 | OK | |||
r-oldrel-windows-x86_64 | 1.4.0 | 77.00 | 733.00 | 810.00 | OK |
Version: 1.4.0
Check: dependencies in R code
Result: NOTE
Namespace in Imports field not imported from: ‘BH’
All declared Imports should be used.
Flavors: r-devel-linux-x86_64-fedora-clang, r-devel-linux-x86_64-fedora-gcc