Last updated on 2024-12-19 23:50:41 CET.
Flavor | Version | Tinstall | Tcheck | Ttotal | Status | Flags |
---|---|---|---|---|---|---|
r-devel-linux-x86_64-debian-clang | 1.1.2 | 4.74 | 70.23 | 74.97 | NOTE | |
r-devel-linux-x86_64-debian-gcc | 1.1.2 | 3.78 | 58.64 | 62.42 | NOTE | |
r-devel-linux-x86_64-fedora-clang | 1.1.2 | 113.92 | OK | |||
r-devel-linux-x86_64-fedora-gcc | 1.1.2 | 136.01 | OK | |||
r-devel-windows-x86_64 | 1.1.2 | 8.00 | 98.00 | 106.00 | NOTE | |
r-patched-linux-x86_64 | 1.1.2 | 10.20 | 66.64 | 76.84 | OK | |
r-release-linux-x86_64 | 1.1.2 | 4.94 | 66.09 | 71.03 | OK | |
r-release-macos-arm64 | 1.1.2 | 47.00 | OK | |||
r-release-macos-x86_64 | 1.1.2 | 68.00 | OK | |||
r-release-windows-x86_64 | 1.1.2 | 9.00 | 97.00 | 106.00 | OK | |
r-oldrel-macos-arm64 | 1.1.2 | 52.00 | OK | |||
r-oldrel-macos-x86_64 | 1.1.2 | 81.00 | OK | |||
r-oldrel-windows-x86_64 | 1.1.2 | 9.00 | 108.00 | 117.00 | OK |
Version: 1.1.2
Check: Rd cross-references
Result: NOTE
Found the following Rd file(s) with Rd \link{} targets missing package
anchors:
pl_get_baf.Rd: tibble
pl_select_standard.Rd: tibble
Please provide package anchors for all Rd \link{} targets not in the
package itself and the base packages.
Flavors: r-devel-linux-x86_64-debian-clang, r-devel-linux-x86_64-debian-gcc, r-devel-windows-x86_64