CRAN Package Check Results for Package PMAPscore

Last updated on 2024-12-19 23:50:41 CET.

Flavor Version Tinstall Tcheck Ttotal Status Flags
r-devel-linux-x86_64-debian-clang 0.1.1 34.34 293.84 328.18 OK
r-devel-linux-x86_64-debian-gcc 0.1.1 0.42 1.47 1.89 ERROR
r-devel-linux-x86_64-fedora-clang 0.1.1 559.78 NOTE
r-devel-linux-x86_64-fedora-gcc 0.1.1 533.51 NOTE
r-devel-windows-x86_64 0.1.1 38.00 272.00 310.00 OK
r-patched-linux-x86_64 0.1.1 35.19 280.01 315.20 OK
r-release-linux-x86_64 0.1.1 0.43 1.85 2.28 ERROR
r-release-macos-arm64 0.1.1 147.00 OK
r-release-macos-x86_64 0.1.1 226.00 OK
r-release-windows-x86_64 0.1.1 38.00 265.00 303.00 OK
r-oldrel-macos-arm64 0.1.1 138.00 OK
r-oldrel-macos-x86_64 0.1.1 272.00 OK
r-oldrel-windows-x86_64 0.1.1 50.00 358.00 408.00 OK

Check Details

Version: 0.1.1
Check: package dependencies
Result: ERROR Package required but not available: ‘clusterProfiler’ See section ‘The DESCRIPTION file’ in the ‘Writing R Extensions’ manual. Flavors: r-devel-linux-x86_64-debian-gcc, r-release-linux-x86_64

Version: 0.1.1
Check: dependencies in R code
Result: NOTE Namespaces in Imports field not imported from: ‘base’ ‘grDevices’ All declared Imports should be used. Flavors: r-devel-linux-x86_64-fedora-clang, r-devel-linux-x86_64-fedora-gcc