CRAN Package Check Results for Package POSetR

Last updated on 2024-12-19 23:50:41 CET.

Flavor Version Tinstall Tcheck Ttotal Status Flags
r-devel-linux-x86_64-debian-clang 1.1.4 121.03 32.34 153.37 OK
r-devel-linux-x86_64-debian-gcc 1.1.4 94.15 24.35 118.50 OK
r-devel-linux-x86_64-fedora-clang 1.1.4 291.85 OK
r-devel-linux-x86_64-fedora-gcc 1.1.4 344.34 OK
r-devel-windows-x86_64 1.1.4 129.00 75.00 204.00 OK
r-patched-linux-x86_64 1.1.4 124.42 30.64 155.06 OK
r-release-linux-x86_64 1.1.4 123.80 30.69 154.49 OK
r-release-macos-arm64 1.1.4 72.00 NOTE
r-release-macos-x86_64 1.1.4 80.00 NOTE
r-release-windows-x86_64 1.1.4 125.00 77.00 202.00 OK
r-oldrel-macos-arm64 1.1.4 75.00 NOTE
r-oldrel-macos-x86_64 1.1.4 83.00 NOTE
r-oldrel-windows-x86_64 1.1.4 153.00 87.00 240.00 OK

Check Details

Version: 1.1.4
Check: installed package size
Result: NOTE installed size is 13.0Mb sub-directories of 1Mb or more: libs 12.8Mb Flavors: r-release-macos-arm64, r-release-macos-x86_64, r-oldrel-macos-arm64, r-oldrel-macos-x86_64