Last updated on 2024-12-19 23:50:41 CET.
Flavor | Version | Tinstall | Tcheck | Ttotal | Status | Flags |
---|---|---|---|---|---|---|
r-devel-linux-x86_64-debian-clang | 2.1 | 36.53 | 62.31 | 98.84 | OK | |
r-devel-linux-x86_64-debian-gcc | 2.1 | 22.24 | 45.36 | 67.60 | OK | |
r-devel-linux-x86_64-fedora-clang | 2.1 | 162.63 | OK | |||
r-devel-linux-x86_64-fedora-gcc | 2.1 | 173.94 | OK | |||
r-devel-windows-x86_64 | 2.1 | 34.00 | 99.00 | 133.00 | OK | |
r-patched-linux-x86_64 | 2.1 | 34.32 | 57.80 | 92.12 | NOTE | |
r-release-linux-x86_64 | 2.1 | 31.34 | 57.80 | 89.14 | NOTE | |
r-release-macos-arm64 | 2.1 | 45.00 | NOTE | |||
r-release-macos-x86_64 | 2.1 | 75.00 | NOTE | |||
r-release-windows-x86_64 | 2.1 | 34.00 | 101.00 | 135.00 | NOTE | |
r-oldrel-macos-arm64 | 2.1 | 53.00 | NOTE | |||
r-oldrel-macos-x86_64 | 2.1 | 86.00 | NOTE | |||
r-oldrel-windows-x86_64 | 2.1 | 42.00 | 121.00 | 163.00 | NOTE |
Version: 2.1
Check: LazyData
Result: NOTE
'LazyData' is specified without a 'data' directory
Flavors: r-patched-linux-x86_64, r-release-linux-x86_64, r-release-macos-arm64, r-release-macos-x86_64, r-release-windows-x86_64, r-oldrel-macos-arm64, r-oldrel-macos-x86_64, r-oldrel-windows-x86_64