CRAN Package Check Results for Package PheCAP

Last updated on 2024-12-19 23:50:41 CET.

Flavor Version Tinstall Tcheck Ttotal Status Flags
r-devel-linux-x86_64-debian-clang 1.2.1 8.68 239.54 248.22 OK
r-devel-linux-x86_64-debian-gcc 1.2.1 7.16 167.23 174.39 OK
r-devel-linux-x86_64-fedora-clang 1.2.1 417.01 OK
r-devel-linux-x86_64-fedora-gcc 1.2.1 461.15 OK
r-devel-windows-x86_64 1.2.1 9.00 247.00 256.00 OK
r-patched-linux-x86_64 1.2.1 9.25 236.25 245.50 OK
r-release-linux-x86_64 1.2.1 9.50 235.70 245.20 OK
r-release-macos-arm64 1.2.1 146.00 OK
r-release-macos-x86_64 1.2.1 218.00 NOTE
r-release-windows-x86_64 1.2.1 11.00 244.00 255.00 OK
r-oldrel-macos-arm64 1.2.1 164.00 NOTE
r-oldrel-macos-x86_64 1.2.1 271.00 NOTE
r-oldrel-windows-x86_64 1.2.1 13.00 306.00 319.00 OK

Check Details

Version: 1.2.1
Check: installed package size
Result: NOTE installed size is 5.4Mb sub-directories of 1Mb or more: data 3.4Mb doc 1.9Mb Flavors: r-release-macos-x86_64, r-oldrel-macos-arm64, r-oldrel-macos-x86_64

Version: 1.2.1
Check: package dependencies
Result: NOTE Packages suggested but not available for checking: 'randomForestSRC', 'xgboost' Flavor: r-oldrel-macos-x86_64