Last updated on 2024-12-19 23:50:41 CET.
Flavor | Version | Tinstall | Tcheck | Ttotal | Status | Flags |
---|---|---|---|---|---|---|
r-devel-linux-x86_64-debian-clang | 0.3.4 | 23.82 | 215.41 | 239.23 | NOTE | |
r-devel-linux-x86_64-debian-gcc | 0.3.4 | 15.59 | 148.96 | 164.55 | NOTE | |
r-devel-linux-x86_64-fedora-clang | 0.3.4 | 390.02 | NOTE | |||
r-devel-linux-x86_64-fedora-gcc | 0.3.4 | 413.57 | NOTE | |||
r-devel-windows-x86_64 | 0.3.4 | 27.00 | 312.00 | 339.00 | NOTE | |
r-patched-linux-x86_64 | 0.3.4 | 20.13 | 205.09 | 225.22 | NOTE | |
r-release-linux-x86_64 | 0.3.4 | 19.42 | 206.63 | 226.05 | NOTE | |
r-release-macos-arm64 | 0.3.4 | 106.00 | NOTE | |||
r-release-macos-x86_64 | 0.3.4 | 167.00 | NOTE | |||
r-release-windows-x86_64 | 0.3.4 | 24.00 | 315.00 | 339.00 | NOTE | |
r-oldrel-macos-arm64 | 0.3.4 | 9.00 | ERROR | |||
r-oldrel-macos-x86_64 | 0.3.4 | 195.00 | NOTE | |||
r-oldrel-windows-x86_64 | 0.3.4 | 32.00 | 347.00 | 379.00 | NOTE |
Version: 0.3.4
Check: C++ specification
Result: NOTE
Specified C++11: please drop specification unless essential
Flavors: r-devel-linux-x86_64-debian-clang, r-devel-linux-x86_64-debian-gcc, r-devel-linux-x86_64-fedora-clang, r-devel-linux-x86_64-fedora-gcc, r-devel-windows-x86_64, r-patched-linux-x86_64, r-release-linux-x86_64, r-release-macos-arm64, r-release-macos-x86_64, r-release-windows-x86_64, r-oldrel-macos-x86_64, r-oldrel-windows-x86_64
Version: 0.3.4
Check: installed package size
Result: NOTE
installed size is 5.7Mb
sub-directories of 1Mb or more:
doc 1.5Mb
extdata 3.1Mb
Flavors: r-release-macos-arm64, r-release-macos-x86_64, r-release-windows-x86_64, r-oldrel-macos-x86_64, r-oldrel-windows-x86_64
Version: 0.3.4
Check: package dependencies
Result: ERROR
Package required but not available: ‘snpStats’
See section ‘The DESCRIPTION file’ in the ‘Writing R Extensions’
manual.
Flavor: r-oldrel-macos-arm64