Last updated on 2024-12-19 23:50:41 CET.
Flavor | Version | Tinstall | Tcheck | Ttotal | Status | Flags |
---|---|---|---|---|---|---|
r-devel-linux-x86_64-debian-clang | 1.0.4 | 21.56 | 21.78 | 43.34 | OK | |
r-devel-linux-x86_64-debian-gcc | 1.0.4 | 13.84 | 17.80 | 31.64 | OK | |
r-devel-linux-x86_64-fedora-clang | 1.0.4 | 78.05 | OK | |||
r-devel-linux-x86_64-fedora-gcc | 1.0.4 | 81.68 | OK | |||
r-devel-windows-x86_64 | 1.0.4 | 22.00 | 59.00 | 81.00 | OK | |
r-patched-linux-x86_64 | 1.0.4 | 18.49 | 21.04 | 39.53 | NOTE | |
r-release-linux-x86_64 | 1.0.4 | 18.82 | 21.32 | 40.14 | NOTE | |
r-release-macos-arm64 | 1.0.4 | 25.00 | NOTE | |||
r-release-macos-x86_64 | 1.0.4 | 41.00 | NOTE | |||
r-release-windows-x86_64 | 1.0.4 | 22.00 | 61.00 | 83.00 | NOTE | |
r-oldrel-macos-arm64 | 1.0.4 | 28.00 | NOTE | |||
r-oldrel-macos-x86_64 | 1.0.4 | 41.00 | NOTE | |||
r-oldrel-windows-x86_64 | 1.0.4 | 28.00 | 70.00 | 98.00 | NOTE |
Version: 1.0.4
Check: LazyData
Result: NOTE
'LazyData' is specified without a 'data' directory
Flavors: r-patched-linux-x86_64, r-release-linux-x86_64, r-release-macos-arm64, r-release-macos-x86_64, r-release-windows-x86_64, r-oldrel-macos-arm64, r-oldrel-macos-x86_64, r-oldrel-windows-x86_64