CRAN Package Check Results for Package Plasmidprofiler

Last updated on 2024-12-19 23:50:41 CET.

Flavor Version Tinstall Tcheck Ttotal Status Flags
r-devel-linux-x86_64-debian-clang 0.1.6 6.40 57.81 64.21 NOTE
r-devel-linux-x86_64-debian-gcc 0.1.6 4.49 42.45 46.94 NOTE
r-devel-linux-x86_64-fedora-clang 0.1.6 104.51 NOTE
r-devel-linux-x86_64-fedora-gcc 0.1.6 108.94 NOTE
r-devel-windows-x86_64 0.1.6 10.00 77.00 87.00 OK
r-patched-linux-x86_64 0.1.6 7.00 55.52 62.52 NOTE
r-release-linux-x86_64 0.1.6 6.60 55.00 61.60 NOTE
r-release-macos-arm64 0.1.6 36.00 OK
r-release-macos-x86_64 0.1.6 51.00 OK
r-release-windows-x86_64 0.1.6 9.00 78.00 87.00 OK
r-oldrel-macos-arm64 0.1.6 35.00 OK
r-oldrel-macos-x86_64 0.1.6 48.00 OK
r-oldrel-windows-x86_64 0.1.6 11.00 92.00 103.00 OK

Check Details

Version: 0.1.6
Check: for non-standard things in the check directory
Result: NOTE Found the following files/directories: ‘P2Run.csv’ ‘P2Run.html’ ‘P2Run.png’ Flavors: r-devel-linux-x86_64-debian-clang, r-devel-linux-x86_64-debian-gcc, r-devel-linux-x86_64-fedora-clang, r-devel-linux-x86_64-fedora-gcc, r-patched-linux-x86_64, r-release-linux-x86_64