Last updated on 2024-12-19 23:50:42 CET.
Flavor | Version | Tinstall | Tcheck | Ttotal | Status | Flags |
---|---|---|---|---|---|---|
r-devel-linux-x86_64-debian-clang | 1.4 | 112.71 | 532.10 | 644.81 | NOTE | |
r-devel-linux-x86_64-debian-gcc | 1.4 | 110.14 | 382.07 | 492.21 | NOTE | |
r-devel-linux-x86_64-fedora-clang | 1.4 | 1170.68 | NOTE | |||
r-devel-linux-x86_64-fedora-gcc | 1.4 | 1246.36 | NOTE | |||
r-devel-windows-x86_64 | 1.4 | 150.00 | 480.00 | 630.00 | NOTE | |
r-patched-linux-x86_64 | 1.4 | 129.68 | 500.24 | 629.92 | OK | |
r-release-linux-x86_64 | 1.4 | 158.07 | 509.61 | 667.68 | OK | |
r-release-macos-arm64 | 1.4 | 10.00 | ERROR | |||
r-release-macos-x86_64 | 1.4 | 412.00 | NOTE | |||
r-release-windows-x86_64 | 1.4 | 153.00 | 473.00 | 626.00 | OK | |
r-oldrel-macos-arm64 | 1.4 | 191.00 | NOTE | |||
r-oldrel-macos-x86_64 | 1.4 | 11.00 | ERROR | |||
r-oldrel-windows-x86_64 | 1.4 | 190.00 | 641.00 | 831.00 | OK |
Version: 1.4
Check: Rd cross-references
Result: NOTE
Found the following Rd file(s) with Rd \link{} targets missing package
anchors:
AddAdj.Rd: getAdj_auto
AddParSettingFAST.Rd: CreatePRECASTObject
FAST.Rd: CreatePRECASTObject
IntegrateSRTData.Rd: CreatePRECASTObject
RunHarmonyLouvain.Rd: CreatePRECASTObject
RuniSCMEB.Rd: CreatePRECASTObject
iscmeb_run.Rd: Mclust
Please provide package anchors for all Rd \link{} targets not in the
package itself and the base packages.
Flavors: r-devel-linux-x86_64-debian-clang, r-devel-linux-x86_64-debian-gcc, r-devel-windows-x86_64
Version: 1.4
Check: dependencies in R code
Result: NOTE
Namespace in Imports field not imported from: ‘Rcpp’
All declared Imports should be used.
Flavors: r-devel-linux-x86_64-fedora-clang, r-devel-linux-x86_64-fedora-gcc
Version: 1.4
Check: package dependencies
Result: ERROR
Package required but not available: ‘org.Mm.eg.db’
See section ‘The DESCRIPTION file’ in the ‘Writing R Extensions’
manual.
Flavors: r-release-macos-arm64, r-oldrel-macos-x86_64
Version: 1.4
Check: installed package size
Result: NOTE
installed size is 15.9Mb
sub-directories of 1Mb or more:
data 2.2Mb
libs 13.1Mb
Flavors: r-release-macos-x86_64, r-oldrel-macos-arm64