Last updated on 2024-12-19 23:50:42 CET.
Flavor | Version | Tinstall | Tcheck | Ttotal | Status | Flags |
---|---|---|---|---|---|---|
r-devel-linux-x86_64-debian-clang | 0.1.0 | 13.93 | 176.51 | 190.44 | OK | |
r-devel-linux-x86_64-debian-gcc | 0.1.0 | 0.47 | 1.62 | 2.09 | ERROR | |
r-devel-linux-x86_64-fedora-clang | 0.1.0 | 336.41 | OK | |||
r-devel-linux-x86_64-fedora-gcc | 0.1.0 | 332.32 | OK | |||
r-devel-windows-x86_64 | 0.1.0 | 18.00 | 168.00 | 186.00 | OK | |
r-patched-linux-x86_64 | 0.1.0 | 13.88 | 169.02 | 182.90 | OK | |
r-release-linux-x86_64 | 0.1.0 | 0.60 | 1.94 | 2.54 | ERROR | |
r-release-macos-arm64 | 0.1.0 | 52.00 | OK | |||
r-release-macos-x86_64 | 0.1.0 | 114.00 | OK | |||
r-release-windows-x86_64 | 0.1.0 | 17.00 | 167.00 | 184.00 | OK | |
r-oldrel-macos-arm64 | 0.1.0 | 58.00 | OK | |||
r-oldrel-macos-x86_64 | 0.1.0 | 120.00 | OK | |||
r-oldrel-windows-x86_64 | 0.1.0 | 21.00 | 215.00 | 236.00 | OK |
Version: 0.1.0
Check: package dependencies
Result: ERROR
Package required but not available: ‘pathwayTMB’
See section ‘The DESCRIPTION file’ in the ‘Writing R Extensions’
manual.
Flavors: r-devel-linux-x86_64-debian-gcc, r-release-linux-x86_64