Last updated on 2024-12-19 23:50:42 CET.
Flavor | Version | Tinstall | Tcheck | Ttotal | Status | Flags |
---|---|---|---|---|---|---|
r-devel-linux-x86_64-debian-clang | 3.0.1 | 15.56 | 178.25 | 193.81 | NOTE | |
r-devel-linux-x86_64-debian-gcc | 3.0.1 | 10.13 | 130.13 | 140.26 | NOTE | |
r-devel-linux-x86_64-fedora-clang | 3.0.1 | 332.40 | OK | |||
r-devel-linux-x86_64-fedora-gcc | 3.0.1 | 347.54 | OK | |||
r-devel-windows-x86_64 | 3.0.1 | 16.00 | 220.00 | 236.00 | NOTE | |
r-patched-linux-x86_64 | 3.0.1 | 20.25 | 178.88 | 199.13 | OK | |
r-release-linux-x86_64 | 3.0.1 | 14.26 | 178.36 | 192.62 | OK | |
r-release-macos-arm64 | 3.0.1 | 114.00 | OK | |||
r-release-macos-x86_64 | 3.0.1 | 165.00 | OK | |||
r-release-windows-x86_64 | 3.0.1 | 16.00 | 221.00 | 237.00 | OK | |
r-oldrel-macos-arm64 | 3.0.1 | 114.00 | OK | |||
r-oldrel-macos-x86_64 | 3.0.1 | 305.00 | OK | |||
r-oldrel-windows-x86_64 | 3.0.1 | 23.00 | 263.00 | 286.00 | OK |
Version: 3.0.1
Check: Rd cross-references
Result: NOTE
Found the following Rd file(s) with Rd \link{} targets missing package
anchors:
anova.cmprsk.Rd: rms
crr.fit.Rd: rms
nomogram.mk6.Rd: rms, plot.summary.rms
summary.cmprsk.Rd: rms
Please provide package anchors for all Rd \link{} targets not in the
package itself and the base packages.
Flavors: r-devel-linux-x86_64-debian-clang, r-devel-linux-x86_64-debian-gcc, r-devel-windows-x86_64