Last updated on 2024-12-19 23:50:42 CET.
Flavor | Version | Tinstall | Tcheck | Ttotal | Status | Flags |
---|---|---|---|---|---|---|
r-devel-linux-x86_64-debian-clang | 0.1.0 | 10.08 | 71.55 | 81.63 | OK | |
r-devel-linux-x86_64-debian-gcc | 0.1.0 | 6.74 | 51.91 | 58.65 | OK | |
r-devel-linux-x86_64-fedora-clang | 0.1.0 | 132.10 | NOTE | |||
r-devel-linux-x86_64-fedora-gcc | 0.1.0 | 125.61 | NOTE | |||
r-devel-windows-x86_64 | 0.1.0 | 10.00 | 85.00 | 95.00 | OK | |
r-patched-linux-x86_64 | 0.1.0 | 10.16 | 68.10 | 78.26 | OK | |
r-release-linux-x86_64 | 0.1.0 | 8.40 | 67.71 | 76.11 | OK | |
r-release-macos-arm64 | 0.1.0 | 37.00 | OK | |||
r-release-macos-x86_64 | 0.1.0 | 56.00 | OK | |||
r-release-windows-x86_64 | 0.1.0 | 11.00 | 85.00 | 96.00 | OK | |
r-oldrel-macos-arm64 | 0.1.0 | 42.00 | OK | |||
r-oldrel-macos-x86_64 | 0.1.0 | 64.00 | OK | |||
r-oldrel-windows-x86_64 | 0.1.0 | 13.00 | 101.00 | 114.00 | OK |
Version: 0.1.0
Check: dependencies in R code
Result: NOTE
Namespace in Imports field not imported from: ‘missMethods’
All declared Imports should be used.
Flavors: r-devel-linux-x86_64-fedora-clang, r-devel-linux-x86_64-fedora-gcc