Last updated on 2024-12-19 23:50:42 CET.
Flavor | Version | Tinstall | Tcheck | Ttotal | Status | Flags |
---|---|---|---|---|---|---|
r-devel-linux-x86_64-debian-clang | 1.4.0 | 90.08 | 23.04 | 113.12 | OK | |
r-devel-linux-x86_64-debian-gcc | 1.4.0 | 84.28 | 18.65 | 102.93 | OK | |
r-devel-linux-x86_64-fedora-clang | 1.4.0 | 177.09 | OK | |||
r-devel-linux-x86_64-fedora-gcc | 1.4.0 | 281.44 | OK | |||
r-devel-windows-x86_64 | 1.4.0 | 124.00 | 63.00 | 187.00 | OK | |
r-patched-linux-x86_64 | 1.4.0 | 103.62 | 21.93 | 125.55 | NOTE | |
r-release-linux-x86_64 | 1.4.0 | 102.18 | 21.83 | 124.01 | NOTE | |
r-release-macos-arm64 | 1.4.0 | 90.00 | NOTE | |||
r-release-macos-x86_64 | 1.4.0 | 170.00 | NOTE | |||
r-release-windows-x86_64 | 1.4.0 | 131.00 | 60.00 | 191.00 | NOTE | |
r-oldrel-macos-arm64 | 1.4.0 | 88.00 | NOTE | |||
r-oldrel-macos-x86_64 | 1.4.0 | 175.00 | NOTE | |||
r-oldrel-windows-x86_64 | 1.4.0 | 122.00 | 64.00 | 186.00 | NOTE |
Version: 1.4.0
Check: for GNU extensions in Makefiles
Result: NOTE
GNU make is a SystemRequirements.
Flavors: r-patched-linux-x86_64, r-release-linux-x86_64, r-release-macos-arm64, r-release-macos-x86_64, r-release-windows-x86_64, r-oldrel-macos-arm64, r-oldrel-macos-x86_64, r-oldrel-windows-x86_64
Version: 1.4.0
Check: installed package size
Result: NOTE
installed size is 8.9Mb
sub-directories of 1Mb or more:
lib 6.0Mb
libs 2.1Mb
Flavors: r-release-macos-arm64, r-release-macos-x86_64, r-oldrel-macos-arm64, r-oldrel-macos-x86_64