CRAN Package Check Results for Package R.devices

Last updated on 2024-12-19 23:50:42 CET.

Flavor Version Tinstall Tcheck Ttotal Status Flags
r-devel-linux-x86_64-debian-clang 2.17.2 3.81 58.02 61.83 OK
r-devel-linux-x86_64-debian-gcc 2.17.2 2.08 42.82 44.90 OK
r-devel-linux-x86_64-fedora-clang 2.17.2 101.67 OK
r-devel-linux-x86_64-fedora-gcc 2.17.2 110.94 OK
r-devel-windows-x86_64 2.17.2 6.00 100.00 106.00 OK
r-patched-linux-x86_64 2.17.2 4.32 54.78 59.10 OK
r-release-linux-x86_64 2.17.2 3.96 54.55 58.51 OK
r-release-macos-arm64 2.17.2 40.00 OK
r-release-macos-x86_64 2.17.2 48.00 NOTE
r-release-windows-x86_64 2.17.2 7.00 101.00 108.00 OK
r-oldrel-macos-arm64 2.17.2 47.00 OK
r-oldrel-macos-x86_64 2.17.2 108.00 OK
r-oldrel-windows-x86_64 2.17.2 6.00 105.00 111.00 OK

Check Details

Version: 2.17.2
Check: package vignettes
Result: NOTE Package has ‘vignettes’ subdirectory but apparently no vignettes. Perhaps the ‘VignetteBuilder’ information is missing from the DESCRIPTION file? Flavor: r-release-macos-x86_64