CRAN Package Check Results for Package RDota2

Last updated on 2024-12-19 23:50:43 CET.

Flavor Version Tinstall Tcheck Ttotal Status Flags
r-devel-linux-x86_64-debian-clang 0.1.6 2.05 27.48 29.53 OK
r-devel-linux-x86_64-debian-gcc 0.1.6 1.61 21.05 22.66 OK
r-devel-linux-x86_64-fedora-clang 0.1.6 48.00 OK
r-devel-linux-x86_64-fedora-gcc 0.1.6 58.85 OK
r-devel-windows-x86_64 0.1.6 4.00 57.00 61.00 OK
r-patched-linux-x86_64 0.1.6 2.42 26.32 28.74 NOTE
r-release-linux-x86_64 0.1.6 1.88 26.27 28.15 NOTE
r-release-macos-arm64 0.1.6 26.00 NOTE
r-release-macos-x86_64 0.1.6 35.00 NOTE
r-release-windows-x86_64 0.1.6 4.00 58.00 62.00 NOTE
r-oldrel-macos-arm64 0.1.6 27.00 NOTE
r-oldrel-macos-x86_64 0.1.6 33.00 NOTE
r-oldrel-windows-x86_64 0.1.6 4.00 60.00 64.00 NOTE

Check Details

Version: 0.1.6
Check: LazyData
Result: NOTE 'LazyData' is specified without a 'data' directory Flavors: r-patched-linux-x86_64, r-release-linux-x86_64, r-release-macos-arm64, r-release-macos-x86_64, r-release-windows-x86_64, r-oldrel-macos-arm64, r-oldrel-macos-x86_64, r-oldrel-windows-x86_64