CRAN Package Check Results for Package RFCCA

Last updated on 2024-12-19 23:50:43 CET.

Flavor Version Tinstall Tcheck Ttotal Status Flags
r-devel-linux-x86_64-debian-clang 2.0.0 32.85 79.60 112.45 NOTE
r-devel-linux-x86_64-debian-gcc 2.0.0 23.70 53.21 76.91 NOTE
r-devel-linux-x86_64-fedora-clang 2.0.0 183.39 NOTE
r-devel-linux-x86_64-fedora-gcc 2.0.0 201.92 NOTE
r-devel-windows-x86_64 2.0.0 36.00 86.00 122.00 NOTE
r-patched-linux-x86_64 2.0.0 35.39 74.48 109.87 OK
r-release-linux-x86_64 2.0.0 33.02 74.62 107.64 OK
r-release-macos-arm64 2.0.0 51.00 OK
r-release-macos-x86_64 2.0.0 90.00 OK
r-release-windows-x86_64 2.0.0 35.00 90.00 125.00 OK
r-oldrel-macos-arm64 2.0.0 70.00 OK
r-oldrel-macos-x86_64 2.0.0 169.00 OK
r-oldrel-windows-x86_64 2.0.0 48.00 106.00 154.00 OK

Check Details

Version: 2.0.0
Check: compiled code
Result: NOTE File ‘RFCCA/libs/RFCCA.so’: Found non-API call to R: ‘STRING_PTR’ Compiled code should not call non-API entry points in R. See ‘Writing portable packages’ in the ‘Writing R Extensions’ manual, and section ‘Moving into C API compliance’ for issues with the use of non-API entry points. Flavors: r-devel-linux-x86_64-debian-clang, r-devel-linux-x86_64-debian-gcc, r-devel-linux-x86_64-fedora-clang, r-devel-linux-x86_64-fedora-gcc

Version: 2.0.0
Check: compiled code
Result: NOTE File 'RFCCA/libs/x64/RFCCA.dll': Found non-API call to R: 'STRING_PTR' Compiled code should not call non-API entry points in R. See 'Writing portable packages' in the 'Writing R Extensions' manual, and section 'Moving into C API compliance' for issues with the use of non-API entry points. Flavor: r-devel-windows-x86_64