CRAN Package Check Results for Package RKEEL

Last updated on 2024-12-19 23:50:44 CET.

Flavor Version Tinstall Tcheck Ttotal Status Flags
r-devel-linux-x86_64-debian-clang 1.3.4 100.94 350.38 451.32 OK
r-devel-linux-x86_64-debian-gcc 1.3.4 58.76 251.55 310.31 OK
r-devel-linux-x86_64-fedora-clang 1.3.4 738.62 NOTE
r-devel-linux-x86_64-fedora-gcc 1.3.4 725.98 NOTE
r-devel-windows-x86_64 1.3.4 97.00 455.00 552.00 OK
r-patched-linux-x86_64 1.3.4 91.09 340.94 432.03 OK
r-release-linux-x86_64 1.3.4 86.80 338.11 424.91 OK
r-release-macos-arm64 1.3.4 256.00 NOTE
r-release-macos-x86_64 1.3.4 374.00 NOTE
r-release-windows-x86_64 1.3.4 120.00 458.00 578.00 NOTE
r-oldrel-macos-arm64 1.3.4 330.00 NOTE
r-oldrel-macos-x86_64 1.3.4 462.00 NOTE
r-oldrel-windows-x86_64 1.3.4 118.00 529.00 647.00 NOTE

Check Details

Version: 1.3.4
Check: dependencies in R code
Result: NOTE Namespaces in Imports field not imported from: ‘Matrix’ ‘arules’ ‘pmml’ ‘rJava’ All declared Imports should be used. Flavors: r-devel-linux-x86_64-fedora-clang, r-devel-linux-x86_64-fedora-gcc

Version: 1.3.4
Check: installed package size
Result: NOTE installed size is 28.3Mb sub-directories of 1Mb or more: R 4.0Mb exe 23.8Mb Flavors: r-release-macos-arm64, r-release-macos-x86_64, r-release-windows-x86_64, r-oldrel-macos-arm64, r-oldrel-macos-x86_64, r-oldrel-windows-x86_64