Last updated on 2024-12-19 23:50:44 CET.
Flavor | Version | Tinstall | Tcheck | Ttotal | Status | Flags |
---|---|---|---|---|---|---|
r-devel-linux-x86_64-debian-clang | 0.2.10 | 28.89 | 47.13 | 76.02 | NOTE | |
r-devel-linux-x86_64-debian-gcc | 0.2.10 | 21.01 | 34.64 | 55.65 | NOTE | |
r-devel-linux-x86_64-fedora-clang | 0.2.10 | 140.33 | NOTE | |||
r-devel-linux-x86_64-fedora-gcc | 0.2.10 | 149.14 | NOTE | |||
r-devel-windows-x86_64 | 0.2.10 | 35.00 | 87.00 | 122.00 | NOTE | |
r-patched-linux-x86_64 | 0.2.10 | 28.23 | 44.63 | 72.86 | NOTE | |
r-release-linux-x86_64 | 0.2.10 | 27.84 | 44.67 | 72.51 | NOTE | |
r-release-macos-arm64 | 0.2.10 | 45.00 | NOTE | |||
r-release-macos-x86_64 | 0.2.10 | 60.00 | NOTE | |||
r-release-windows-x86_64 | 0.2.10 | 32.00 | 85.00 | 117.00 | NOTE | |
r-oldrel-macos-arm64 | 0.2.10 | 47.00 | NOTE | |||
r-oldrel-macos-x86_64 | 0.2.10 | 76.00 | NOTE | |||
r-oldrel-windows-x86_64 | 0.2.10 | 41.00 | 100.00 | 141.00 | NOTE |
Version: 0.2.10
Check: C++ specification
Result: NOTE
Specified C++11: please drop specification unless essential
Flavors: r-devel-linux-x86_64-debian-clang, r-devel-linux-x86_64-debian-gcc, r-devel-linux-x86_64-fedora-clang, r-devel-linux-x86_64-fedora-gcc, r-devel-windows-x86_64, r-patched-linux-x86_64, r-release-linux-x86_64, r-release-macos-arm64, r-release-macos-x86_64, r-release-windows-x86_64, r-oldrel-macos-arm64, r-oldrel-macos-x86_64, r-oldrel-windows-x86_64