Last updated on 2024-12-19 23:50:44 CET.
Flavor | Version | Tinstall | Tcheck | Ttotal | Status | Flags |
---|---|---|---|---|---|---|
r-devel-linux-x86_64-debian-clang | 0.2.1 | 32.13 | 378.58 | 410.71 | OK | |
r-devel-linux-x86_64-debian-gcc | 0.2.1 | 24.87 | 280.94 | 305.81 | OK | |
r-devel-linux-x86_64-fedora-clang | 0.2.1 | 685.39 | OK | |||
r-devel-linux-x86_64-fedora-gcc | 0.2.1 | 674.25 | OK | |||
r-devel-windows-x86_64 | 0.2.1 | 34.00 | 340.00 | 374.00 | OK | |
r-patched-linux-x86_64 | 0.2.1 | 30.38 | 359.70 | 390.08 | OK | |
r-release-linux-x86_64 | 0.2.1 | 29.50 | 366.79 | 396.29 | OK | |
r-release-macos-arm64 | 0.2.1 | 162.00 | OK | |||
r-release-macos-x86_64 | 0.2.1 | 524.00 | NOTE | |||
r-release-windows-x86_64 | 0.2.1 | 34.00 | 347.00 | 381.00 | OK | |
r-oldrel-macos-arm64 | 0.2.1 | 209.00 | NOTE | |||
r-oldrel-macos-x86_64 | 0.2.1 | 448.00 | NOTE | |||
r-oldrel-windows-x86_64 | 0.2.1 | 45.00 | 453.00 | 498.00 | OK |
Version: 0.2.1
Check: installed package size
Result: NOTE
installed size is 5.5Mb
sub-directories of 1Mb or more:
data 3.0Mb
doc 2.3Mb
Flavors: r-release-macos-x86_64, r-oldrel-macos-x86_64
Version: 0.2.1
Check: package dependencies
Result: NOTE
Package suggested but not available for checking: ‘recount3’
Flavors: r-oldrel-macos-arm64, r-oldrel-macos-x86_64