CRAN Package Check Results for Package RNHANES

Last updated on 2024-12-19 23:50:44 CET.

Flavor Version Tinstall Tcheck Ttotal Status Flags
r-devel-linux-x86_64-debian-clang 1.1.0 9.12 89.47 98.59 OK
r-devel-linux-x86_64-debian-gcc 1.1.0 6.99 65.90 72.89 OK
r-devel-linux-x86_64-fedora-clang 1.1.0 164.19 OK
r-devel-linux-x86_64-fedora-gcc 1.1.0 170.36 OK
r-devel-windows-x86_64 1.1.0 12.00 100.00 112.00 OK
r-patched-linux-x86_64 1.1.0 8.94 84.89 93.83 NOTE
r-release-linux-x86_64 1.1.0 8.30 85.58 93.88 NOTE
r-release-macos-arm64 1.1.0 50.00 NOTE
r-release-macos-x86_64 1.1.0 105.00 NOTE
r-release-windows-x86_64 1.1.0 14.00 100.00 114.00 NOTE
r-oldrel-macos-arm64 1.1.0 50.00 NOTE
r-oldrel-macos-x86_64 1.1.0 83.00 NOTE
r-oldrel-windows-x86_64 1.1.0 14.00 125.00 139.00 NOTE

Check Details

Version: 1.1.0
Check: LazyData
Result: NOTE 'LazyData' is specified without a 'data' directory Flavors: r-patched-linux-x86_64, r-release-linux-x86_64, r-release-macos-arm64, r-release-macos-x86_64, r-release-windows-x86_64, r-oldrel-macos-arm64, r-oldrel-macos-x86_64, r-oldrel-windows-x86_64