Last updated on 2024-12-19 23:50:44 CET.
Flavor | Version | Tinstall | Tcheck | Ttotal | Status | Flags |
---|---|---|---|---|---|---|
r-devel-linux-x86_64-debian-clang | 0.2.8 | 1.78 | 20.90 | 22.68 | OK | |
r-devel-linux-x86_64-debian-gcc | 0.2.8 | 1.35 | 17.50 | 18.85 | OK | |
r-devel-linux-x86_64-fedora-clang | 0.2.8 | 36.78 | OK | |||
r-devel-linux-x86_64-fedora-gcc | 0.2.8 | 34.14 | OK | |||
r-devel-windows-x86_64 | 0.2.8 | 3.00 | 43.00 | 46.00 | OK | |
r-patched-linux-x86_64 | 0.2.8 | 1.38 | 19.79 | 21.17 | NOTE | |
r-release-linux-x86_64 | 0.2.8 | 1.70 | 20.01 | 21.71 | NOTE | |
r-release-macos-arm64 | 0.2.8 | 18.00 | NOTE | |||
r-release-macos-x86_64 | 0.2.8 | 28.00 | NOTE | |||
r-release-windows-x86_64 | 0.2.8 | 4.00 | 44.00 | 48.00 | NOTE | |
r-oldrel-macos-arm64 | 0.2.8 | 17.00 | NOTE | |||
r-oldrel-macos-x86_64 | 0.2.8 | 25.00 | NOTE | |||
r-oldrel-windows-x86_64 | 0.2.8 | 3.00 | 46.00 | 49.00 | NOTE |
Version: 0.2.8
Check: LazyData
Result: NOTE
'LazyData' is specified without a 'data' directory
Flavors: r-patched-linux-x86_64, r-release-linux-x86_64, r-release-macos-arm64, r-release-macos-x86_64, r-release-windows-x86_64, r-oldrel-macos-arm64, r-oldrel-macos-x86_64, r-oldrel-windows-x86_64