CRAN Package Check Results for Package RPEGLMEN

Last updated on 2024-12-19 23:50:44 CET.

Flavor Version Tinstall Tcheck Ttotal Status Flags
r-devel-linux-x86_64-debian-clang 1.1.2 38.06 29.44 67.50 OK
r-devel-linux-x86_64-debian-gcc 1.1.2 25.38 24.79 50.17 OK
r-devel-linux-x86_64-fedora-clang 1.1.2 126.29 OK
r-devel-linux-x86_64-fedora-gcc 1.1.2 143.31 OK
r-devel-windows-x86_64 1.1.2 45.00 69.00 114.00 OK
r-patched-linux-x86_64 1.1.2 33.36 29.99 63.35 OK
r-release-linux-x86_64 1.1.2 34.35 29.73 64.08 OK
r-release-macos-arm64 1.1.2 42.00 NOTE
r-release-macos-x86_64 1.1.2 58.00 NOTE
r-release-windows-x86_64 1.1.2 48.00 66.00 114.00 OK
r-oldrel-macos-arm64 1.1.2 47.00 NOTE
r-oldrel-macos-x86_64 1.1.2 69.00 NOTE
r-oldrel-windows-x86_64 1.1.2 55.00 76.00 131.00 OK

Check Details

Version: 1.1.2
Check: installed package size
Result: NOTE installed size is 8.0Mb sub-directories of 1Mb or more: libs 7.6Mb Flavors: r-release-macos-arm64, r-release-macos-x86_64, r-oldrel-macos-arm64, r-oldrel-macos-x86_64