Last updated on 2024-12-19 23:50:44 CET.
Flavor | Version | Tinstall | Tcheck | Ttotal | Status | Flags |
---|---|---|---|---|---|---|
r-devel-linux-x86_64-debian-clang | 0.8.0 | 24.47 | 273.53 | 298.00 | OK | |
r-devel-linux-x86_64-debian-gcc | 0.8.0 | 0.36 | 1.45 | 1.81 | ERROR | |
r-devel-linux-x86_64-fedora-clang | 0.8.0 | 488.70 | OK | |||
r-devel-linux-x86_64-fedora-gcc | 0.8.0 | 491.27 | OK | |||
r-devel-windows-x86_64 | 0.8.0 | 27.00 | 246.00 | 273.00 | OK | |
r-patched-linux-x86_64 | 0.8.0 | 23.81 | 262.74 | 286.55 | OK | |
r-release-linux-x86_64 | 0.8.0 | 0.55 | 1.78 | 2.33 | ERROR | |
r-release-macos-arm64 | 0.8.0 | 130.00 | OK | |||
r-release-macos-x86_64 | 0.8.0 | 351.00 | OK | |||
r-release-windows-x86_64 | 0.8.0 | 21.00 | 245.00 | 266.00 | OK | |
r-oldrel-macos-arm64 | 0.8.0 | 151.00 | OK | |||
r-oldrel-macos-x86_64 | 0.8.0 | 292.00 | OK | |||
r-oldrel-windows-x86_64 | 0.8.0 | 34.00 | 314.00 | 348.00 | OK |
Version: 0.8.0
Check: package dependencies
Result: ERROR
Package required but not available: ‘TDA’
See section ‘The DESCRIPTION file’ in the ‘Writing R Extensions’
manual.
Flavors: r-devel-linux-x86_64-debian-gcc, r-release-linux-x86_64