CRAN Package Check Results for Package RRphylo

Last updated on 2024-12-19 23:50:44 CET.

Flavor Version Tinstall Tcheck Ttotal Status Flags
r-devel-linux-x86_64-debian-clang 2.8.1 26.80 313.27 340.07 OK
r-devel-linux-x86_64-debian-gcc 2.8.1 15.35 221.21 236.56 OK
r-devel-linux-x86_64-fedora-clang 2.8.1 581.98 OK
r-devel-linux-x86_64-fedora-gcc 2.8.1 574.91 OK
r-devel-windows-x86_64 2.8.1 27.00 252.00 279.00 OK
r-patched-linux-x86_64 2.8.1 26.03 299.58 325.61 OK
r-release-linux-x86_64 2.8.1 20.87 299.36 320.23 OK
r-release-macos-arm64 2.8.1 145.00 NOTE
r-release-macos-x86_64 2.8.1 396.00 NOTE
r-release-windows-x86_64 2.8.1 27.00 257.00 284.00 NOTE
r-oldrel-macos-arm64 2.8.1 155.00 NOTE
r-oldrel-macos-x86_64 2.8.1 352.00 NOTE
r-oldrel-windows-x86_64 2.8.1 34.00 325.00 359.00 NOTE

Check Details

Version: 2.8.1
Check: installed package size
Result: NOTE installed size is 5.1Mb sub-directories of 1Mb or more: doc 3.3Mb Flavors: r-release-macos-arm64, r-release-macos-x86_64, r-release-windows-x86_64, r-oldrel-macos-arm64, r-oldrel-macos-x86_64, r-oldrel-windows-x86_64