CRAN Package Check Results for Package RSDK

Last updated on 2024-12-19 23:50:44 CET.

Flavor Version Tinstall Tcheck Ttotal Status Flags
r-devel-linux-x86_64-debian-clang 1.0.1 1.62 24.01 25.63 OK
r-devel-linux-x86_64-debian-gcc 1.0.1 1.70 18.02 19.72 OK
r-devel-linux-x86_64-fedora-clang 1.0.1 42.98 NOTE
r-devel-linux-x86_64-fedora-gcc 1.0.1 40.16 NOTE
r-devel-windows-x86_64 1.0.1 4.00 54.00 58.00 OK
r-patched-linux-x86_64 1.0.1 2.18 22.73 24.91 OK
r-release-linux-x86_64 1.0.1 1.89 22.80 24.69 OK
r-release-macos-arm64 1.0.1 18.00 OK
r-release-macos-x86_64 1.0.1 26.00 OK
r-release-windows-x86_64 1.0.1 5.00 47.00 52.00 OK
r-oldrel-macos-arm64 1.0.1 20.00 OK
r-oldrel-macos-x86_64 1.0.1 27.00 OK
r-oldrel-windows-x86_64 1.0.1 5.00 51.00 56.00 OK

Check Details

Version: 1.0.1
Check: dependencies in R code
Result: NOTE Namespaces in Imports field not imported from: ‘keys’ ‘shinyWidgets’ ‘testthat’ All declared Imports should be used. Flavors: r-devel-linux-x86_64-fedora-clang, r-devel-linux-x86_64-fedora-gcc