Last updated on 2024-12-19 23:50:44 CET.
Flavor | Version | Tinstall | Tcheck | Ttotal | Status | Flags |
---|---|---|---|---|---|---|
r-devel-linux-x86_64-debian-clang | 0.4-17 | 70.38 | 45.60 | 115.98 | OK | |
r-devel-linux-x86_64-debian-gcc | 0.4-17 | 52.12 | 33.15 | 85.27 | OK | |
r-devel-linux-x86_64-fedora-clang | 0.4-17 | 297.58 | OK | |||
r-devel-linux-x86_64-fedora-gcc | 0.4-17 | 227.11 | OK | |||
r-devel-windows-x86_64 | 0.4-17 | 93.00 | 98.00 | 191.00 | OK | |
r-patched-linux-x86_64 | 0.4-17 | 80.21 | 43.30 | 123.51 | OK | |
r-release-linux-x86_64 | 0.4-17 | 76.68 | 42.93 | 119.61 | OK | |
r-release-macos-arm64 | 0.4-17 | 54.00 | NOTE | |||
r-release-macos-x86_64 | 0.4-17 | 66.00 | NOTE | |||
r-release-windows-x86_64 | 0.4-17 | 93.00 | 118.00 | 211.00 | OK | |
r-oldrel-macos-arm64 | 0.4-17 | 75.00 | NOTE | |||
r-oldrel-macos-x86_64 | 0.4-17 | 95.00 | NOTE | |||
r-oldrel-windows-x86_64 | 0.4-17 | 88.00 | 116.00 | 204.00 | OK |
Version: 0.4-17
Check: installed package size
Result: NOTE
installed size is 7.2Mb
sub-directories of 1Mb or more:
libs 6.2Mb
Flavors: r-release-macos-arm64, r-release-macos-x86_64, r-oldrel-macos-arm64, r-oldrel-macos-x86_64