CRAN Package Check Results for Package RSentiment

Last updated on 2024-12-19 23:50:44 CET.

Flavor Version Tinstall Tcheck Ttotal Status Flags
r-devel-linux-x86_64-debian-clang 2.2.2 2.35 29.60 31.95 OK
r-devel-linux-x86_64-debian-gcc 2.2.2 1.72 23.28 25.00 OK
r-devel-linux-x86_64-fedora-clang 2.2.2 53.85 OK
r-devel-linux-x86_64-fedora-gcc 2.2.2 65.32 OK
r-devel-windows-x86_64 2.2.2 3.00 50.00 53.00 OK
r-patched-linux-x86_64 2.2.2 1.88 28.96 30.84 NOTE
r-release-linux-x86_64 2.2.2 2.35 28.97 31.32 NOTE
r-release-macos-arm64 2.2.2 25.00 NOTE
r-release-macos-x86_64 2.2.2 35.00 NOTE
r-release-windows-x86_64 2.2.2 4.00 50.00 54.00 NOTE
r-oldrel-macos-arm64 2.2.2 24.00 NOTE
r-oldrel-macos-x86_64 2.2.2 32.00 NOTE
r-oldrel-windows-x86_64 2.2.2 4.00 51.00 55.00 NOTE

Check Details

Version: 2.2.2
Check: LazyData
Result: NOTE 'LazyData' is specified without a 'data' directory Flavors: r-patched-linux-x86_64, r-release-linux-x86_64, r-release-macos-arm64, r-release-macos-x86_64, r-release-windows-x86_64, r-oldrel-macos-arm64, r-oldrel-macos-x86_64, r-oldrel-windows-x86_64