Last updated on 2024-12-19 23:50:44 CET.
Flavor | Version | Tinstall | Tcheck | Ttotal | Status | Flags |
---|---|---|---|---|---|---|
r-devel-linux-x86_64-debian-clang | 1.0.0 | 113.14 | 489.26 | 602.40 | OK | |
r-devel-linux-x86_64-debian-gcc | 1.0.0 | 77.78 | 314.61 | 392.39 | OK | |
r-devel-linux-x86_64-fedora-clang | 1.0.0 | 1049.86 | OK | |||
r-devel-linux-x86_64-fedora-gcc | 1.0.0 | 951.01 | OK | |||
r-devel-windows-x86_64 | 1.0.0 | 113.00 | 449.00 | 562.00 | OK | |
r-patched-linux-x86_64 | 1.0.0 | 114.00 | 451.17 | 565.17 | OK | |
r-release-linux-x86_64 | 1.0.0 | 102.56 | 454.43 | 556.99 | OK | |
r-release-macos-arm64 | 1.0.0 | 228.00 | NOTE | |||
r-release-macos-x86_64 | 1.0.0 | 338.00 | NOTE | |||
r-release-windows-x86_64 | 1.0.0 | 107.00 | 414.00 | 521.00 | OK | |
r-oldrel-macos-arm64 | 1.0.0 | 256.00 | NOTE | |||
r-oldrel-macos-x86_64 | 1.0.0 | 454.00 | NOTE | |||
r-oldrel-windows-x86_64 | 1.0.0 | 147.00 | 557.00 | 704.00 | OK |
Version: 1.0.0
Check: installed package size
Result: NOTE
installed size is 5.9Mb
sub-directories of 1Mb or more:
external 1.6Mb
libs 3.8Mb
Flavors: r-release-macos-arm64, r-release-macos-x86_64, r-oldrel-macos-arm64, r-oldrel-macos-x86_64