CRAN Package Check Results for Package RVA

Last updated on 2024-12-19 23:50:44 CET.

Flavor Version Tinstall Tcheck Ttotal Status Flags
r-devel-linux-x86_64-debian-clang 0.0.5 44.13 386.93 431.06 OK
r-devel-linux-x86_64-debian-gcc 0.0.5 0.48 1.58 2.06 ERROR
r-devel-linux-x86_64-fedora-clang 0.0.5 749.95 NOTE
r-devel-linux-x86_64-fedora-gcc 0.0.5 710.08 NOTE
r-devel-windows-x86_64 0.0.5 45.00 400.00 445.00 OK
r-patched-linux-x86_64 0.0.5 42.92 373.22 416.14 OK
r-release-linux-x86_64 0.0.5 0.66 2.02 2.68 ERROR
r-release-macos-arm64 0.0.5 130.00 OK
r-release-macos-x86_64 0.0.5 274.00 OK
r-release-windows-x86_64 0.0.5 47.00 350.00 397.00 OK
r-oldrel-macos-arm64 0.0.5 10.00 ERROR
r-oldrel-macos-x86_64 0.0.5 11.00 ERROR
r-oldrel-windows-x86_64 0.0.5 63.00 459.00 522.00 OK

Check Details

Version: 0.0.5
Check: package dependencies
Result: ERROR Package required but not available: ‘clusterProfiler’ See section ‘The DESCRIPTION file’ in the ‘Writing R Extensions’ manual. Flavors: r-devel-linux-x86_64-debian-gcc, r-release-linux-x86_64

Version: 0.0.5
Check: dependencies in R code
Result: NOTE Namespace in Imports field not imported from: ‘XML’ All declared Imports should be used. Flavors: r-devel-linux-x86_64-fedora-clang, r-devel-linux-x86_64-fedora-gcc

Version: 0.0.5
Check: package dependencies
Result: ERROR Package required but not available: ‘GSVAdata’ See section ‘The DESCRIPTION file’ in the ‘Writing R Extensions’ manual. Flavors: r-oldrel-macos-arm64, r-oldrel-macos-x86_64