CRAN Package Check Results for Package RVenn

Last updated on 2024-12-19 23:50:44 CET.

Flavor Version Tinstall Tcheck Ttotal Status Flags
r-devel-linux-x86_64-debian-clang 1.1.0 3.95 62.25 66.20 OK
r-devel-linux-x86_64-debian-gcc 1.1.0 2.75 47.02 49.77 OK
r-devel-linux-x86_64-fedora-clang 1.1.0 108.42 OK
r-devel-linux-x86_64-fedora-gcc 1.1.0 117.96 OK
r-devel-windows-x86_64 1.1.0 7.00 69.00 76.00 OK
r-patched-linux-x86_64 1.1.0 3.61 58.04 61.65 NOTE
r-release-linux-x86_64 1.1.0 3.64 58.19 61.83 NOTE
r-release-macos-arm64 1.1.0 32.00 NOTE
r-release-macos-x86_64 1.1.0 53.00 NOTE
r-release-windows-x86_64 1.1.0 7.00 67.00 74.00 NOTE
r-oldrel-macos-arm64 1.1.0 32.00 NOTE
r-oldrel-macos-x86_64 1.1.0 48.00 NOTE
r-oldrel-windows-x86_64 1.1.0 7.00 74.00 81.00 NOTE

Check Details

Version: 1.1.0
Check: LazyData
Result: NOTE 'LazyData' is specified without a 'data' directory Flavors: r-patched-linux-x86_64, r-release-linux-x86_64, r-release-macos-arm64, r-release-macos-x86_64, r-release-windows-x86_64, r-oldrel-macos-arm64, r-oldrel-macos-x86_64, r-oldrel-windows-x86_64