CRAN Package Check Results for Package Racmacs

Last updated on 2024-12-19 23:50:43 CET.

Flavor Version Tinstall Tcheck Ttotal Status Flags
r-devel-linux-x86_64-debian-clang 1.2.9 318.76 511.44 830.20 OK
r-devel-linux-x86_64-debian-gcc 1.2.9 222.23 351.72 573.95 OK
r-devel-linux-x86_64-fedora-clang 1.2.9 1544.81 OK
r-devel-linux-x86_64-fedora-gcc 1.2.9 1585.97 OK
r-devel-windows-x86_64 1.2.9 333.00 604.00 937.00 OK
r-patched-linux-x86_64 1.2.9 315.51 513.60 829.11 OK
r-release-linux-x86_64 1.2.9 311.13 513.27 824.40 OK
r-release-macos-arm64 1.2.9 399.00 NOTE
r-release-macos-x86_64 1.2.9 527.00 NOTE
r-release-windows-x86_64 1.2.9 333.00 597.00 930.00 NOTE
r-oldrel-macos-arm64 1.2.9 422.00 NOTE
r-oldrel-macos-x86_64 1.2.9 333.00 NOTE
r-oldrel-windows-x86_64 1.2.9 397.00 761.00 1158.00 NOTE

Check Details

Version: 1.2.9
Check: installed package size
Result: NOTE installed size is 25.1Mb sub-directories of 1Mb or more: doc 5.3Mb htmlwidgets 1.8Mb libs 16.0Mb Flavors: r-release-macos-arm64, r-release-macos-x86_64, r-release-windows-x86_64, r-oldrel-macos-arm64, r-oldrel-macos-x86_64, r-oldrel-windows-x86_64