Last updated on 2024-12-19 23:50:43 CET.
Flavor | Version | Tinstall | Tcheck | Ttotal | Status | Flags |
---|---|---|---|---|---|---|
r-devel-linux-x86_64-debian-clang | 2.3.4 | 3.78 | 32.92 | 36.70 | OK | |
r-devel-linux-x86_64-debian-gcc | 2.3.4 | 2.87 | 25.87 | 28.74 | OK | |
r-devel-linux-x86_64-fedora-clang | 2.3.4 | 59.89 | OK | |||
r-devel-linux-x86_64-fedora-gcc | 2.3.4 | 69.99 | OK | |||
r-devel-windows-x86_64 | 2.3.4 | 5.00 | 54.00 | 59.00 | OK | |
r-patched-linux-x86_64 | 2.3.4 | 3.41 | 31.98 | 35.39 | NOTE | |
r-release-linux-x86_64 | 2.3.4 | 4.02 | 31.63 | 35.65 | NOTE | |
r-release-macos-arm64 | 2.3.4 | 29.00 | NOTE | |||
r-release-macos-x86_64 | 2.3.4 | 41.00 | NOTE | |||
r-release-windows-x86_64 | 2.3.4 | 6.00 | 53.00 | 59.00 | NOTE | |
r-oldrel-macos-arm64 | 2.3.4 | 32.00 | NOTE | |||
r-oldrel-macos-x86_64 | 2.3.4 | 44.00 | NOTE | |||
r-oldrel-windows-x86_64 | 2.3.4 | 7.00 | 59.00 | 66.00 | NOTE |
Version: 2.3.4
Check: LazyData
Result: NOTE
'LazyData' is specified without a 'data' directory
Flavors: r-patched-linux-x86_64, r-release-linux-x86_64, r-release-macos-arm64, r-release-macos-x86_64, r-release-windows-x86_64, r-oldrel-macos-arm64, r-oldrel-macos-x86_64, r-oldrel-windows-x86_64