CRAN Package Check Results for Package RapidFuzz

Last updated on 2024-12-19 23:50:43 CET.

Flavor Version Tinstall Tcheck Ttotal Status Flags
r-devel-linux-x86_64-debian-clang 1.0 79.24 26.22 105.46 OK
r-devel-linux-x86_64-debian-gcc 1.0 59.74 20.67 80.41 OK
r-devel-linux-x86_64-fedora-clang 1.0 200.59 OK
r-devel-linux-x86_64-fedora-gcc 1.0 219.96 OK
r-devel-windows-x86_64 1.0 83.00 79.00 162.00 OK
r-patched-linux-x86_64 1.0 85.35 25.06 110.41 OK
r-release-linux-x86_64 1.0 85.22 25.15 110.37 OK
r-release-macos-arm64 1.0 52.00 NOTE
r-release-macos-x86_64 1.0 77.00 NOTE
r-release-windows-x86_64 1.0 82.00 97.00 179.00 OK
r-oldrel-macos-arm64 1.0 49.00 NOTE
r-oldrel-macos-x86_64 1.0 77.00 NOTE
r-oldrel-windows-x86_64 1.0 85.00 95.00 180.00 OK

Check Details

Version: 1.0
Check: installed package size
Result: NOTE installed size is 6.5Mb sub-directories of 1Mb or more: libs 5.8Mb Flavors: r-release-macos-arm64, r-release-macos-x86_64, r-oldrel-macos-arm64, r-oldrel-macos-x86_64