CRAN Package Check Results for Package RcmdrPlugin.DCE

Last updated on 2024-12-19 23:50:43 CET.

Flavor Version Tinstall Tcheck Ttotal Status Flags
r-devel-linux-x86_64-debian-clang 0.2-3 17.65 128.42 146.07 NOTE
r-devel-linux-x86_64-debian-gcc 0.2-3 14.24 93.37 107.61 NOTE
r-devel-linux-x86_64-fedora-clang 0.2-3 248.23 OK
r-devel-linux-x86_64-fedora-gcc 0.2-3 237.16 OK
r-devel-windows-x86_64 0.2-3 26.00 248.00 274.00 NOTE
r-patched-linux-x86_64 0.2-3 25.09 121.51 146.60 OK
r-release-linux-x86_64 0.2-3 16.52 119.74 136.26 OK
r-release-macos-arm64 0.2-3 89.00 OK
r-release-macos-x86_64 0.2-3 116.00 OK
r-release-windows-x86_64 0.2-3 24.00 186.00 210.00 OK
r-oldrel-macos-arm64 0.2-3 68.00 OK
r-oldrel-macos-x86_64 0.2-3 143.00 OK
r-oldrel-windows-x86_64 0.2-3 24.00 161.00 185.00 OK

Check Details

Version: 0.2-3
Check: Rd cross-references
Result: NOTE Found the following Rd file(s) with Rd \link{} targets missing package anchors: RcmdrPlugin.DCE-package.Rd: support.CEs, Rcmdr Please provide package anchors for all Rd \link{} targets not in the package itself and the base packages. Flavors: r-devel-linux-x86_64-debian-clang, r-devel-linux-x86_64-debian-gcc, r-devel-windows-x86_64