CRAN Package Check Results for Package RcppExamples

Last updated on 2024-12-19 23:50:43 CET.

Flavor Version Tinstall Tcheck Ttotal Status Flags
r-devel-linux-x86_64-debian-clang 0.1.9 29.50 21.93 51.43 NOTE
r-devel-linux-x86_64-debian-gcc 0.1.9 21.00 17.25 38.25 NOTE
r-devel-linux-x86_64-fedora-clang 0.1.9 100.83 NOTE
r-devel-linux-x86_64-fedora-gcc 0.1.9 102.91 NOTE
r-devel-windows-x86_64 0.1.9 36.00 67.00 103.00 OK
r-patched-linux-x86_64 0.1.9 29.80 21.10 50.90 NOTE
r-release-linux-x86_64 0.1.9 29.94 20.96 50.90 NOTE
r-release-macos-arm64 0.1.9 33.00 NOTE
r-release-macos-x86_64 0.1.9 43.00 NOTE
r-release-windows-x86_64 0.1.9 34.00 82.00 116.00 OK
r-oldrel-macos-arm64 0.1.9 34.00 NOTE
r-oldrel-macos-x86_64 0.1.9 54.00 NOTE
r-oldrel-windows-x86_64 0.1.9 40.00 81.00 121.00 OK

Check Details

Version: 0.1.9
Check: C++ specification
Result: NOTE Specified C++11: please drop specification unless essential Flavors: r-devel-linux-x86_64-debian-clang, r-devel-linux-x86_64-debian-gcc, r-devel-linux-x86_64-fedora-clang, r-devel-linux-x86_64-fedora-gcc, r-patched-linux-x86_64, r-release-linux-x86_64, r-release-macos-arm64, r-release-macos-x86_64, r-oldrel-macos-arm64, r-oldrel-macos-x86_64