CRAN Package Check Results for Package RcppFastAD

Last updated on 2024-12-19 23:50:43 CET.

Flavor Version Tinstall Tcheck Ttotal Status Flags
r-devel-linux-x86_64-debian-clang 0.0.4 35.85 22.39 58.24 OK
r-devel-linux-x86_64-debian-gcc 0.0.4 28.16 19.61 47.77 OK
r-devel-linux-x86_64-fedora-clang 0.0.4 109.26 OK
r-devel-linux-x86_64-fedora-gcc 0.0.4 125.10 OK
r-devel-windows-x86_64 0.0.4 39.00 70.00 109.00 OK
r-patched-linux-x86_64 0.0.4 39.92 23.54 63.46 OK
r-release-linux-x86_64 0.0.4 37.84 23.87 61.71 OK
r-release-macos-arm64 0.0.4 31.00 NOTE
r-release-macos-x86_64 0.0.4 48.00 NOTE
r-release-windows-x86_64 0.0.4 42.00 87.00 129.00 OK
r-oldrel-macos-arm64 0.0.4 31.00 NOTE
r-oldrel-macos-x86_64 0.0.4 48.00 NOTE
r-oldrel-windows-x86_64 0.0.4 48.00 87.00 135.00 OK

Check Details

Version: 0.0.4
Check: installed package size
Result: NOTE installed size is 8.5Mb sub-directories of 1Mb or more: libs 8.1Mb Flavors: r-release-macos-arm64, r-release-macos-x86_64, r-oldrel-macos-arm64, r-oldrel-macos-x86_64