Last updated on 2024-12-19 23:50:43 CET.
Flavor | Version | Tinstall | Tcheck | Ttotal | Status | Flags |
---|---|---|---|---|---|---|
r-devel-linux-x86_64-debian-clang | 5.1.9 | 41.67 | 52.41 | 94.08 | OK | |
r-devel-linux-x86_64-debian-gcc | 5.1.9 | 27.98 | 40.43 | 68.41 | OK | |
r-devel-linux-x86_64-fedora-clang | 5.1.9 | 214.45 | OK | |||
r-devel-linux-x86_64-fedora-gcc | 5.1.9 | 198.49 | OK | |||
r-devel-windows-x86_64 | 5.1.9 | 150.00 | 99.00 | 249.00 | OK | |
r-patched-linux-x86_64 | 5.1.9 | 37.51 | 51.29 | 88.80 | NOTE | |
r-release-linux-x86_64 | 5.1.9 | 36.51 | 52.74 | 89.25 | NOTE | |
r-release-macos-arm64 | 5.1.9 | 76.00 | NOTE | |||
r-release-macos-x86_64 | 5.1.9 | 178.00 | NOTE | |||
r-release-windows-x86_64 | 5.1.9 | 148.00 | 112.00 | 260.00 | NOTE | |
r-oldrel-macos-arm64 | 5.1.9 | 68.00 | NOTE | |||
r-oldrel-macos-x86_64 | 5.1.9 | 149.00 | NOTE | |||
r-oldrel-windows-x86_64 | 5.1.9 | 143.00 | 118.00 | 261.00 | NOTE |
Version: 5.1.9
Check: for GNU extensions in Makefiles
Result: NOTE
GNU make is a SystemRequirements.
Flavors: r-patched-linux-x86_64, r-release-linux-x86_64, r-release-macos-arm64, r-release-macos-x86_64, r-release-windows-x86_64, r-oldrel-macos-arm64, r-oldrel-macos-x86_64, r-oldrel-windows-x86_64