Last updated on 2024-12-19 23:50:43 CET.
Flavor | Version | Tinstall | Tcheck | Ttotal | Status | Flags |
---|---|---|---|---|---|---|
r-devel-linux-x86_64-debian-clang | 1.1.1 | 21.20 | 22.32 | 43.52 | NOTE | |
r-devel-linux-x86_64-debian-gcc | 1.1.1 | 4.20 | 1.48 | 5.68 | ERROR | |
r-devel-linux-x86_64-fedora-clang | 1.1.1 | 85.04 | NOTE | |||
r-devel-linux-x86_64-fedora-gcc | 1.1.1 | 84.56 | NOTE | |||
r-devel-windows-x86_64 | 1.1.1 | 8.00 | 5.00 | 13.00 | ERROR | |
r-patched-linux-x86_64 | 1.1.1 | 21.13 | 21.57 | 42.70 | NOTE | |
r-release-linux-x86_64 | 1.1.1 | 5.59 | 1.78 | 7.37 | ERROR | |
r-release-macos-arm64 | 1.1.1 | 24.00 | NOTE | |||
r-release-macos-x86_64 | 1.1.1 | 29.00 | NOTE | |||
r-release-windows-x86_64 | 1.1.1 | 25.00 | 78.00 | 103.00 | NOTE | |
r-oldrel-macos-arm64 | 1.1.1 | 26.00 | NOTE | |||
r-oldrel-macos-x86_64 | 1.1.1 | 38.00 | NOTE | |||
r-oldrel-windows-x86_64 | 1.1.1 | 24.00 | 75.00 | 99.00 | NOTE |
Version: 1.1.1
Check: C++ specification
Result: NOTE
Specified C++11: please drop specification unless essential
Flavors: r-devel-linux-x86_64-debian-clang, r-devel-linux-x86_64-fedora-clang, r-devel-linux-x86_64-fedora-gcc, r-patched-linux-x86_64, r-release-macos-arm64, r-release-macos-x86_64, r-release-windows-x86_64, r-oldrel-macos-arm64, r-oldrel-macos-x86_64, r-oldrel-windows-x86_64
Version: 1.1.1
Check: whether package can be installed
Result: ERROR
Installation failed.
Flavors: r-devel-linux-x86_64-debian-gcc, r-devel-windows-x86_64, r-release-linux-x86_64