CRAN Package Check Results for Package RoBTT

Last updated on 2024-12-19 23:50:44 CET.

Flavor Version Tinstall Tcheck Ttotal Status Flags
r-devel-linux-x86_64-debian-clang 1.3.1 539.00 89.73 628.73 OK
r-devel-linux-x86_64-debian-gcc 1.3.1 518.96 94.32 613.28 OK
r-devel-linux-x86_64-fedora-clang 1.3.1 1001.45 OK
r-devel-linux-x86_64-fedora-gcc 1.3.1 1519.79 OK
r-devel-windows-x86_64 1.3.1 531.00 175.00 706.00 OK
r-patched-linux-x86_64 1.3.1 635.47 135.13 770.60 OK
r-release-linux-x86_64 1.3.1 626.95 134.63 761.58 OK
r-release-macos-arm64 1.3.1 248.00 NOTE
r-release-macos-x86_64 1.3.1 203.00 NOTE
r-release-windows-x86_64 1.3.1 523.00 163.00 686.00 NOTE
r-oldrel-macos-arm64 1.3.1 356.00 NOTE
r-oldrel-macos-x86_64 1.3.1 196.00 NOTE
r-oldrel-windows-x86_64 1.3.1 696.00 202.00 898.00 NOTE

Check Details

Version: 1.3.1
Check: installed package size
Result: NOTE installed size is 96.1Mb sub-directories of 1Mb or more: libs 95.3Mb Flavors: r-release-macos-arm64, r-release-macos-x86_64, r-release-windows-x86_64, r-oldrel-macos-arm64, r-oldrel-macos-x86_64, r-oldrel-windows-x86_64

Version: 1.3.1
Check: for GNU extensions in Makefiles
Result: NOTE GNU make is a SystemRequirements. Flavors: r-release-macos-arm64, r-release-macos-x86_64, r-oldrel-macos-arm64, r-oldrel-macos-x86_64