Last updated on 2024-12-19 23:50:45 CET.
Flavor | Version | Tinstall | Tcheck | Ttotal | Status | Flags |
---|---|---|---|---|---|---|
r-devel-linux-x86_64-debian-clang | 0.1.1 | 18.95 | 38.19 | 57.14 | OK | |
r-devel-linux-x86_64-debian-gcc | 0.1.1 | 11.48 | 28.95 | 40.43 | OK | |
r-devel-linux-x86_64-fedora-clang | 0.1.1 | 105.67 | NOTE | |||
r-devel-linux-x86_64-fedora-gcc | 0.1.1 | 111.24 | NOTE | |||
r-devel-windows-x86_64 | 0.1.1 | 21.00 | 83.00 | 104.00 | OK | |
r-patched-linux-x86_64 | 0.1.1 | 16.08 | 36.76 | 52.84 | NOTE | |
r-release-linux-x86_64 | 0.1.1 | 16.60 | 37.35 | 53.95 | NOTE | |
r-release-macos-arm64 | 0.1.1 | 36.00 | NOTE | |||
r-release-macos-x86_64 | 0.1.1 | 52.00 | NOTE | |||
r-release-windows-x86_64 | 0.1.1 | 21.00 | 86.00 | 107.00 | NOTE | |
r-oldrel-macos-arm64 | 0.1.1 | 40.00 | NOTE | |||
r-oldrel-macos-x86_64 | 0.1.1 | 85.00 | NOTE | |||
r-oldrel-windows-x86_64 | 0.1.1 | 25.00 | 96.00 | 121.00 | NOTE |
Version: 0.1.1
Check: dependencies in R code
Result: NOTE
Namespaces in Imports field not imported from:
‘Matrix’ ‘pracma’
All declared Imports should be used.
Flavors: r-devel-linux-x86_64-fedora-clang, r-devel-linux-x86_64-fedora-gcc
Version: 0.1.1
Check: LazyData
Result: NOTE
'LazyData' is specified without a 'data' directory
Flavors: r-patched-linux-x86_64, r-release-linux-x86_64, r-release-macos-arm64, r-release-macos-x86_64, r-release-windows-x86_64, r-oldrel-macos-arm64, r-oldrel-macos-x86_64, r-oldrel-windows-x86_64