Last updated on 2024-12-19 23:50:45 CET.
Flavor | Version | Tinstall | Tcheck | Ttotal | Status | Flags |
---|---|---|---|---|---|---|
r-devel-linux-x86_64-debian-clang | 1.0.2 | 8.00 | 62.96 | 70.96 | OK | |
r-devel-linux-x86_64-debian-gcc | 1.0.2 | 5.72 | 48.17 | 53.89 | OK | |
r-devel-linux-x86_64-fedora-clang | 1.0.2 | 111.75 | NOTE | |||
r-devel-linux-x86_64-fedora-gcc | 1.0.2 | 108.76 | NOTE | |||
r-devel-windows-x86_64 | 1.0.2 | 10.00 | 75.00 | 85.00 | OK | |
r-patched-linux-x86_64 | 1.0.2 | 6.97 | 61.42 | 68.39 | OK | |
r-release-linux-x86_64 | 1.0.2 | 7.38 | 61.13 | 68.51 | OK | |
r-release-macos-arm64 | 1.0.2 | 36.00 | OK | |||
r-release-macos-x86_64 | 1.0.2 | 82.00 | OK | |||
r-release-windows-x86_64 | 1.0.2 | 8.00 | 74.00 | 82.00 | OK | |
r-oldrel-macos-arm64 | 1.0.2 | 44.00 | OK | |||
r-oldrel-macos-x86_64 | 1.0.2 | 86.00 | OK | |||
r-oldrel-windows-x86_64 | 1.0.2 | 10.00 | 91.00 | 101.00 | OK |
Version: 1.0.2
Check: dependencies in R code
Result: NOTE
Namespace in Imports field not imported from: ‘RhpcBLASctl’
All declared Imports should be used.
Flavors: r-devel-linux-x86_64-fedora-clang, r-devel-linux-x86_64-fedora-gcc