CRAN Package Check Results for Package SCpubr

Last updated on 2024-12-19 23:50:45 CET.

Flavor Version Tinstall Tcheck Ttotal Status Flags
r-devel-linux-x86_64-debian-clang 2.0.2 13.80 241.51 255.31 OK
r-devel-linux-x86_64-debian-gcc 2.0.2 8.40 108.17 116.57 OK
r-devel-linux-x86_64-fedora-clang 2.0.2 429.83 OK
r-devel-linux-x86_64-fedora-gcc 2.0.2 419.57 OK
r-devel-windows-x86_64 2.0.2 13.00 239.00 252.00 OK
r-patched-linux-x86_64 2.0.2 16.32 231.47 247.79 OK
r-release-linux-x86_64 2.0.2 12.88 153.61 166.49 NOTE
r-release-macos-arm64 2.0.2 105.00 NOTE
r-release-macos-x86_64 2.0.2 176.00 OK
r-release-windows-x86_64 2.0.2 16.00 242.00 258.00 OK
r-oldrel-macos-arm64 2.0.2 136.00 NOTE
r-oldrel-macos-x86_64 2.0.2 355.00 NOTE
r-oldrel-windows-x86_64 2.0.2 17.00 319.00 336.00 OK

Check Details

Version: 2.0.2
Check: package dependencies
Result: NOTE Packages suggested but not available for checking: 'clusterProfiler', 'enrichplot' Flavor: r-release-linux-x86_64

Version: 2.0.2
Check: package dependencies
Result: NOTE Packages suggested but not available for checking: 'AUCell', 'infercnv', 'Nebulosa' Flavor: r-release-macos-arm64

Version: 2.0.2
Check: Rd cross-references
Result: NOTE Package unavailable to check Rd xrefs: ‘infercnv’ Flavors: r-release-macos-arm64, r-oldrel-macos-arm64, r-oldrel-macos-x86_64

Version: 2.0.2
Check: package dependencies
Result: NOTE Packages suggested but not available for checking: 'AUCell', 'decoupleR', 'infercnv', 'Nebulosa' Flavors: r-oldrel-macos-arm64, r-oldrel-macos-x86_64