Last updated on 2024-12-19 23:50:45 CET.
Flavor | Version | Tinstall | Tcheck | Ttotal | Status | Flags |
---|---|---|---|---|---|---|
r-devel-linux-x86_64-debian-clang | 2.0.1 | 266.95 | 690.11 | 957.06 | OK | |
r-devel-linux-x86_64-debian-gcc | 2.0.1 | 150.67 | 382.43 | 533.10 | OK | |
r-devel-linux-x86_64-fedora-clang | 2.0.1 | 1563.77 | OK | |||
r-devel-linux-x86_64-fedora-gcc | 2.0.1 | 1434.64 | OK | |||
r-devel-windows-x86_64 | 2.0.1 | 215.00 | 430.00 | 645.00 | OK | |
r-patched-linux-x86_64 | 2.0.1 | 228.82 | 640.00 | 868.82 | OK | |
r-release-linux-x86_64 | 2.0.1 | 227.84 | 634.44 | 862.28 | OK | |
r-release-macos-arm64 | 2.0.1 | 254.00 | NOTE | |||
r-release-macos-x86_64 | 2.0.1 | 478.00 | NOTE | |||
r-release-windows-x86_64 | 2.0.1 | 223.00 | 433.00 | 656.00 | NOTE | |
r-oldrel-macos-arm64 | 2.0.1 | 283.00 | NOTE | |||
r-oldrel-macos-x86_64 | 2.0.1 | 574.00 | NOTE | |||
r-oldrel-windows-x86_64 | 2.0.1 | 285.00 | 639.00 | 924.00 | NOTE |
Version: 2.0.1
Check: installed package size
Result: NOTE
installed size is 9.2Mb
sub-directories of 1Mb or more:
R 8.6Mb
Flavors: r-release-macos-arm64, r-release-macos-x86_64, r-release-windows-x86_64, r-oldrel-macos-arm64, r-oldrel-macos-x86_64, r-oldrel-windows-x86_64