Last updated on 2024-12-19 23:50:45 CET.
Flavor | Version | Tinstall | Tcheck | Ttotal | Status | Flags |
---|---|---|---|---|---|---|
r-devel-linux-x86_64-debian-clang | 0.1.4 | 28.55 | 23.47 | 52.02 | NOTE | |
r-devel-linux-x86_64-debian-gcc | 0.1.4 | 20.64 | 18.89 | 39.53 | NOTE | |
r-devel-linux-x86_64-fedora-clang | 0.1.4 | 100.86 | NOTE | |||
r-devel-linux-x86_64-fedora-gcc | 0.1.4 | 104.34 | NOTE | |||
r-devel-windows-x86_64 | 0.1.4 | 33.00 | 65.00 | 98.00 | NOTE | |
r-patched-linux-x86_64 | 0.1.4 | 30.72 | 22.83 | 53.55 | NOTE | |
r-release-linux-x86_64 | 0.1.4 | 33.39 | 22.84 | 56.23 | NOTE | |
r-release-macos-arm64 | 0.1.4 | 29.00 | NOTE | |||
r-release-macos-x86_64 | 0.1.4 | 49.00 | NOTE | |||
r-release-windows-x86_64 | 0.1.4 | 33.00 | 69.00 | 102.00 | NOTE | |
r-oldrel-macos-arm64 | 0.1.4 | 37.00 | NOTE | |||
r-oldrel-macos-x86_64 | 0.1.4 | 55.00 | NOTE | |||
r-oldrel-windows-x86_64 | 0.1.4 | 40.00 | 73.00 | 113.00 | NOTE |
Version: 0.1.4
Check: C++ specification
Result: NOTE
Specified C++11: please drop specification unless essential
Flavors: r-devel-linux-x86_64-debian-clang, r-devel-linux-x86_64-debian-gcc, r-devel-linux-x86_64-fedora-clang, r-devel-linux-x86_64-fedora-gcc, r-devel-windows-x86_64, r-patched-linux-x86_64, r-release-linux-x86_64, r-release-macos-arm64, r-release-macos-x86_64, r-release-windows-x86_64, r-oldrel-macos-arm64, r-oldrel-macos-x86_64, r-oldrel-windows-x86_64