CRAN Package Check Results for Package SGPdata

Last updated on 2024-12-19 23:50:45 CET.

Flavor Version Tinstall Tcheck Ttotal Status Flags
r-devel-linux-x86_64-debian-clang 28.0-0.0 71.67 43.53 115.20 OK
r-devel-linux-x86_64-debian-gcc 28.0-0.0 52.54 33.85 86.39 OK
r-devel-linux-x86_64-fedora-clang 28.0-0.0 182.47 OK
r-devel-linux-x86_64-fedora-gcc 28.0-0.0 192.40 OK
r-devel-windows-x86_64 28.0-0.0 65.00 64.00 129.00 OK
r-patched-linux-x86_64 28.0-0.0 71.20 43.17 114.37 OK
r-release-linux-x86_64 28.0-0.0 71.91 43.57 115.48 OK
r-release-macos-arm64 28.0-0.0 88.00 NOTE
r-release-macos-x86_64 28.0-0.0 236.00 NOTE
r-release-windows-x86_64 28.0-0.0 66.00 63.00 129.00 NOTE
r-oldrel-macos-arm64 28.0-0.0 97.00 NOTE
r-oldrel-macos-x86_64 28.0-0.0 243.00 NOTE
r-oldrel-windows-x86_64 28.0-0.0 65.00 69.00 134.00 NOTE

Check Details

Version: 28.0-0.0
Check: installed package size
Result: NOTE installed size is 7.6Mb sub-directories of 1Mb or more: data 7.5Mb Flavors: r-release-macos-arm64, r-release-macos-x86_64, r-release-windows-x86_64, r-oldrel-macos-arm64, r-oldrel-macos-x86_64, r-oldrel-windows-x86_64