Last updated on 2024-12-19 23:50:46 CET.
Flavor | Version | Tinstall | Tcheck | Ttotal | Status | Flags |
---|---|---|---|---|---|---|
r-devel-linux-x86_64-debian-clang | 0.0.5 | 18.63 | 144.86 | 163.49 | OK | |
r-devel-linux-x86_64-debian-gcc | 0.0.5 | 13.52 | 105.05 | 118.57 | OK | |
r-devel-linux-x86_64-fedora-clang | 0.0.5 | 269.35 | OK | |||
r-devel-linux-x86_64-fedora-gcc | 0.0.5 | 247.64 | OK | |||
r-devel-windows-x86_64 | 0.0.5 | 19.00 | 137.00 | 156.00 | OK | |
r-patched-linux-x86_64 | 0.0.5 | 18.14 | 137.74 | 155.88 | NOTE | |
r-release-linux-x86_64 | 0.0.5 | 17.79 | 138.21 | 156.00 | NOTE | |
r-release-macos-arm64 | 0.0.5 | 66.00 | NOTE | |||
r-release-macos-x86_64 | 0.0.5 | 105.00 | NOTE | |||
r-release-windows-x86_64 | 0.0.5 | 20.00 | 137.00 | 157.00 | NOTE | |
r-oldrel-macos-arm64 | 0.0.5 | 72.00 | NOTE | |||
r-oldrel-macos-x86_64 | 0.0.5 | 123.00 | NOTE | |||
r-oldrel-windows-x86_64 | 0.0.5 | 26.00 | 181.00 | 207.00 | NOTE |
Version: 0.0.5
Check: LazyData
Result: NOTE
'LazyData' is specified without a 'data' directory
Flavors: r-patched-linux-x86_64, r-release-linux-x86_64, r-release-macos-arm64, r-release-macos-x86_64, r-release-windows-x86_64, r-oldrel-macos-arm64, r-oldrel-macos-x86_64, r-oldrel-windows-x86_64