CRAN Package Check Results for Package SMITIDvisu

Last updated on 2024-12-19 23:50:46 CET.

Flavor Version Tinstall Tcheck Ttotal Status Flags
r-devel-linux-x86_64-debian-clang 0.0.9 10.91 33.30 44.21 NOTE
r-devel-linux-x86_64-debian-gcc 0.0.9 8.12 25.06 33.18 NOTE
r-devel-linux-x86_64-fedora-clang 0.0.9 77.47 NOTE
r-devel-linux-x86_64-fedora-gcc 0.0.9 74.55 NOTE
r-devel-windows-x86_64 0.0.9 16.00 77.00 93.00 NOTE
r-patched-linux-x86_64 0.0.9 10.18 32.12 42.30 NOTE
r-release-linux-x86_64 0.0.9 9.53 31.95 41.48 NOTE
r-release-macos-arm64 0.0.9 28.00 NOTE
r-release-macos-x86_64 0.0.9 41.00 NOTE
r-release-windows-x86_64 0.0.9 17.00 71.00 88.00 NOTE
r-oldrel-macos-arm64 0.0.9 31.00 NOTE
r-oldrel-macos-x86_64 0.0.9 47.00 NOTE
r-oldrel-windows-x86_64 0.0.9 16.00 86.00 102.00 NOTE

Check Details

Version: 0.0.9
Check: C++ specification
Result: NOTE Specified C++11: please drop specification unless essential Flavors: r-devel-linux-x86_64-debian-clang, r-devel-linux-x86_64-debian-gcc, r-devel-linux-x86_64-fedora-clang, r-devel-linux-x86_64-fedora-gcc, r-devel-windows-x86_64, r-patched-linux-x86_64, r-release-linux-x86_64, r-release-macos-arm64, r-release-macos-x86_64, r-release-windows-x86_64, r-oldrel-macos-arm64, r-oldrel-macos-x86_64, r-oldrel-windows-x86_64