CRAN Package Check Results for Package SNPassoc

Last updated on 2024-12-19 23:50:46 CET.

Flavor Version Tinstall Tcheck Ttotal Status Flags
r-devel-linux-x86_64-debian-clang 2.1-2 18.18 225.69 243.87 OK
r-devel-linux-x86_64-debian-gcc 2.1-2 14.09 161.86 175.95 OK
r-devel-linux-x86_64-fedora-clang 2.1-2 420.84 OK
r-devel-linux-x86_64-fedora-gcc 2.1-2 420.57 OK
r-devel-windows-x86_64 2.1-2 18.00 221.00 239.00 OK
r-patched-linux-x86_64 2.1-2 18.85 217.35 236.20 OK
r-release-linux-x86_64 2.1-2 16.83 218.31 235.14 OK
r-release-macos-arm64 2.1-2 113.00 NOTE
r-release-macos-x86_64 2.1-2 166.00 NOTE
r-release-windows-x86_64 2.1-2 19.00 226.00 245.00 OK
r-oldrel-macos-arm64 2.1-2 113.00 OK
r-oldrel-macos-x86_64 2.1-2 192.00 OK
r-oldrel-windows-x86_64 2.1-2 25.00 285.00 310.00 OK

Check Details

Version: 2.1-2
Check: package dependencies
Result: NOTE Package suggested but not available for checking: ‘TxDb.Hsapiens.UCSC.hg19.knownGene’ Flavors: r-release-macos-arm64, r-release-macos-x86_64